3*u(p). What are the prime factors of t(-2)?
2, 5
Let z(p) = -p**2 - 4*p. Let d(g) = g**2 + 5*g + 1. Let r(b) = 5*d(b) + 6*z(b). Let o be r(0). Let q = o + -1. List the prime factors of q.
2
Let j = 110 + -66. Suppose -7*m - j = -3*m. Let p = -7 - m. What are the prime factors of p?
2
Let g(o) = -7*o + 1. What are the prime factors of g(-2)?
3, 5
Let g = -6 + 6. Suppose 5*o + g*o = 25. List the prime factors of o.
5
Let a(j) = j**3 + 3*j**2 - 1. Let w = -5 - -5. Let s = -2 - w. List the prime factors of a(s).
3
Let y(p) = -p**3 + 2*p**2 + 4*p - 2. Let z be y(3). Let w be ((-7)/(-4))/(z/4). Suppose 2*r = w*r - 40. What are the prime factors of r?
2
Suppose 2 = -4*y - 3*j + j, y + j + 2 = 0. Suppose -12 = -p + y. What are the prime factors of p?
13
Let a = -5 + 34. Let u = 40 - a. What are the prime factors of u?
11
Suppose 0 = -4*q + 5*c + 35, 5*q = 4*c + 8 + 29. Suppose v = -2*r + 5*v + 48, 11 = -r - q*v. Suppose 5*l - r - 1 = 0. List the prime factors of l.
3
Let l(g) = -g**2 - 7*g - 4. Let v be l(-3). Suppose -s + v = 24. Let w = -4 - s. List the prime factors of w.
2, 3
Suppose -h = 3*u - 50, 0 = -4*h + 4*u + 40 + 144. What are the prime factors of h?
47
Suppose 0 = 5*u + 3*k + 8, -1 = -3*k - 4. Let o(x) = 5*x**2 + 7. Let r(p) = 2*p**2 + 2. Let g(v) = -4*o(v) + 14*r(v). List the prime factors of g(u).
2
Suppose -4*p + p = 4*b - 17, 2*p - 8 = -b. Suppose b*a = -0*a + 38. List the prime factors of a.
19
Let z(c) = -2*c**2 + 10*c + 1. Let j be z(5). Suppose 3 - 1 = 2*o. Let a = j + o. List the prime factors of a.
2
Let l = -9 - -3. List the prime factors of ((-8)/l)/(8/60).
2, 5
Let d(x) = -8 + 0*x + 5*x + 2. What are the prime factors of d(4)?
2, 7
Let n be 10/4*(5 + 3). Let c be 78/(-8) + (-5)/n. Let u = 9 - c. List the prime factors of u.
19
Suppose -3*v = -5*o + 6, v - 2*o + 8 = -3*v. Let i be (8/v)/(4/(-4)). Suppose -3*n - 2*j - 14 = -39, 4*n - 28 = -i*j. What are the prime factors of n?
11
Let q(c) be the second derivative of c**5/20 - 2*c**4/3 + 3*c**3/2 + 5*c**2/2 - c. What are the prime factors of q(7)?
19
Let n = 2 + 5. Let l(g) = 2*g + 7. What are the prime factors of l(n)?
3, 7
Suppose -4*t + 2*k + 687 = -k, 5*t + 5*k = 815. List the prime factors of t.
2, 3, 7
Suppose 0 = -3*f + 6 + 6. Suppose p - 3*l - 2*l = 1, f*l = 3*p - 58. Suppose p = 3*t + 5. What are the prime factors of t?
7
Let a(v) = v**2 - 7*v + 2. Let u be a(7). Suppose 3*s = -3*q - u*q + 10, 4*s - 19 = -q. What are the prime factors of s?
5
Suppose -2*x - 3*v = v - 154, 4*v + 138 = 2*x. What are the prime factors of x?
73
Suppose 0 = 5*n + 2*d + 1 + 2, 16 = -4*d. List the prime factors of (-33)/n*(-3)/9.
11
Suppose -2*o + 0*o = 22. Let q = o - -27. What are the prime factors of q?
2
Let b(n) = -2*n - 3 + 0*n + 2 + 3*n. Let i be b(4). List the prime factors of ((-10)/i)/((-1)/3).
2, 5
Let x(w) = w**2 - 2. Suppose -3 + 1 = -g. Let r be x(g). Suppose n - 6*v - 7 = -v, r*n = -5*v - 1. What are the prime factors of n?
2
Suppose 0 = -9*p + 4*p + 85. Suppose 5*o - 25 = 4*z - 2, 3*o = 4*z + p. Let w = o - -4. List the prime factors of w.
7
Suppose t - 45 = -6. What are the prime factors of t?
3, 13
Let b(a) = 18*a**2 - a + 1. Let r be b(1). Suppose k + 4*o = 2*k - r, -28 = -2*k + 4*o. What are the prime factors of k?
2, 5
What are the prime factors of (((-1)/(-4))/1)/((-22)/(-176))?
2
Let t = 5 - 13. Let j = 4 - t. What are the prime factors of j?
2, 3
Let t be ((-3)/(-9))/(1/12). Suppose 2 - t = -c. Suppose 4*f + c - 14 = 0. What are the prime factors of f?
3
Let u(q) = -q**2 + 23*q - 27. What are the prime factors of u(12)?
3, 5, 7
Let n(w) = w**2 - 8*w + 4. Let x be n(8). Let v = 11 - x. List the prime factors of v.
7
Let j(n) = n**3 - 4*n**2 + 2*n + 1. Let s be j(3). Let c = 8 - s. List the prime factors of c.
2, 5
Let d(u) = -u - 7. Let o be d(-9). Suppose -3*a + 38 = -o*a. What are the prime factors of a?
2, 19
Let b(n) = 15*n**2 + 2*n - 1. What are the prime factors of b(1)?
2
Let o = -99 + 140. Suppose -2*l - 25 = -3*g, 5*g - o = 7*l - 4*l. Let k = g + -4. What are the prime factors of k?
3
Let f be (-4 + 5 + -2)/1. What are the prime factors of (-4)/(-2) - f - -18?
3, 7
Let k = -30 - -54. List the prime factors of k.
2, 3
Let o(p) = -5*p. Let r be o(2). What are the prime factors of (-6*1)/(15/r)?
2
Let a be 5/10 + 14/4. Suppose 0 = -a*f - 4 + 24. Suppose 0 = 3*i + f*w - 9, -i + 2 + 0 = 2*w. List the prime factors of i.
2
Let j(c) = 27*c. Let l be j(1). Suppose -f + l = 2*f. What are the prime factors of f?
3
Suppose 4*b + 3 = -1. Let q = 4 + b. Suppose -d + 36 = q*d. What are the prime factors of d?
3
Suppose 4*i = 3*i + f + 135, 3*i - f - 399 = 0. What are the prime factors of i?
2, 3, 11
Let y = 1 - 2. Let z(s) = 18*s**2 - 1. Let h be z(y). Let u = -10 + h. What are the prime factors of u?
7
Let x(k) = 8*k**3 - 1. Let m be x(1). Let a = 15 - m. What are the prime factors of a?
2
Suppose 5*c = -2*h + 149, 4*c + 0 = 4*h + 136. Suppose -4*u - c = -103. What are the prime factors of u?
2, 3
Let j(g) = -5*g**2 + 10*g + 2. Let m(c) = -4*c**2 + 9*c + 2. Let o(b) = 3*j(b) - 4*m(b). List the prime factors of o(7).
5
Suppose 2*z + 8 = 32. Suppose 0*u = u - z. What are the prime factors of u?
2, 3
Let r(a) = a**2 + 6*a + 5. Let c be r(-5). Suppose -3*s + 72 - 12 = c. What are the prime factors of s?
2, 5
Let s = 22 + -3. Let w = 16 - 7. Let h = s - w. List the prime factors of h.
2, 5
What are the prime factors of (1 + (23 - 3))*1?
3, 7
Let w be (1/(-1))/(1/(-39)). Let y = -21 + w. List the prime factors of y.
2, 3
Let g = 6 - 4. Suppose -9 + 1 = g*p, 3*x = 4*p + 61. Suppose 16 = 4*l, -2*l - x = -4*t - 3. What are the prime factors of t?
5
Let u = -430 - -846. What are the prime factors of u?
2, 13
Let o(k) = -k**2 - 15*k - 2. What are the prime factors of o(-9)?
2, 13
Let o(n) = n**3 + 12*n**2 + 7*n + 4. List the prime factors of o(-11).
2, 3
Suppose -5*m = -z + 52, -4*z + 6*z - 5*m = 79. What are the prime factors of z?
3
Let x be -12*((-6)/(-4) - 3). Let s = 30 - x. List the prime factors of s.
2, 3
Let p(a) = -a**3 + 7*a**2 - 3*a + 5. Let z = -12 + 17. Let d be p(z). Suppose 0 = u - 6*u + d. List the prime factors of u.
2
Let n = -57 - -145. Suppose r - 3*p = 10, 5*r - n = -2*p - 2*p. What are the prime factors of r?
2
Suppose 2*h = -4*j - 4, 3*j + 12 = 2*h + h. Let r = 4 - j. Let q = 16 - r. List the prime factors of q.
2, 5
Suppose 4 + 11 = -3*l. Let f = -2 - l. Suppose -44 = -b - f*b. List the prime factors of b.
11
Let r be 3/((-9)/4)*-6. Suppose -r*i = -4*i - 172. What are the prime factors of i?
43
Let l be (3/(-2))/((-1)/2). Suppose n - 22 + 173 = 4*m, n - 115 = -l*m. What are the prime factors of m?
2, 19
Suppose 5*u + 150 = 2*l, 0*l + 206 = 3*l + 2*u. List the prime factors of l.
2, 5, 7
Let i = 1 + 1. Suppose 0*n + 10 = 2*h + n, -3*h + 8 = -i*n. List the prime factors of h.
2
Let c = -14 + 106. What are the prime factors of c?
2, 23
Suppose 127*x - 126*x - 216 = 0. List the prime factors of x.
2, 3
Suppose -6 = -2*a + 6. Let u = -4 + a. Suppose -o - c + 2 + 9 = 0, -u*o + 4*c + 4 = 0. List the prime factors of o.
2
Suppose -4*s = -2*s - 22. What are the prime factors of s?
11
Suppose -2*r + 106 = 4*v, -3*r + 56 = v - 98. What are the prime factors of r?
3, 17
Suppose -u = 5*n - 13, 3*n + 15 = 6*n - 3*u. Suppose 0 = -7*x + n*x. Suppose 20 = 4*c - x*c. List the prime factors of c.
5
Let s be -5 - 3/(-3)*-1. Let o = -3 - s. List the prime factors of o.
3
Let s(v) = v**3 + 8*v**2 + 2*v - 3. Let r be s(-8). Let z = -7 - r. List the prime factors of z.
2, 3
Let x = -24 - -49. Suppose -x = 2*v + 3*v, 0 = 4*m - 3*v - 35. List the prime factors of m.
5
Let d(a) = 4*a**3 + 6*a**2 + a + 3. Let q(w) = -w**3 - w**2 - 1. Let f(r) = d(r) + 3*q(r). Let n be f(-1). List the prime factors of n/(2 - 35/18).
2, 3
Suppose 2*h + 3*t = 5*h - 105, 0 = 2*h - 4*t - 66. Let z = 76 - h. Suppose 139 = 5*r + z. List the prime factors of r.
2, 5
Suppose -158 = -2*q + 64. What are the prime factors of q?
3, 37
Suppose 20*w - 15*w = 70. What are the prime factors of w?
2, 7
Let p = 30 - -15. Suppose 3*n - z = 3*z + 155, -n - 2*z = -p. What are the prime factors of n?
7
Suppose -d = -5*d - 28. Let g(z) = -z - 1. Let i be g(d). Suppose 2 = -2*b + i. List the prime factors of b.
2
Let b(m) = 